{"id":3349,"date":"2018-02-15T10:06:27","date_gmt":"2018-02-15T08:06:27","guid":{"rendered":"https:\/\/ageart.ro\/staging\/?post_type=product&#038;p=3349"},"modified":"2022-05-04T09:17:25","modified_gmt":"2022-05-04T07:17:25","slug":"album-romania-mic","status":"publish","type":"product","link":"https:\/\/ageart.ro\/staging\/produs\/album-romania-mic\/","title":{"rendered":"Album Romania (15&#215;15 cm)"},"content":{"rendered":"<p>Aparent tr\u0103im zilnic \u201e C\u00e2ntecul Lebedei\u201d, \u00een ad\u00e2ncuri tr\u0103im via\u0163a prins\u0103 \u00een r\u0103d\u0103cini, surprin\u015fi prin fiecare suflare de for\u0163a inegalabil\u0103 a p\u0103m\u00e2ntului. Acest p\u0103m\u00e2nt fascinant se nume\u015fte: Rom\u00e2nia.<\/p>\n<p>&nbsp;<\/p>\n<p>&nbsp;<\/p>\n","protected":false},"excerpt":{"rendered":"<p>Editie: Cartonata<\/p>\n<p>Format: 150 x 150 mm<\/p>\n<p>Nr. pagini: 96<\/p>\n<p>Limbi: romana\/engleza\/franceza\/german<wbr \/>a<\/p>\n","protected":false},"featured_media":3342,"comment_status":"closed","ping_status":"closed","template":"","meta":[],"product_brand":[],"product_cat":[452],"product_tag":[],"class_list":{"0":"post-3349","1":"product","2":"type-product","3":"status-publish","4":"has-post-thumbnail","6":"product_cat-albume","7":"","9":"first","10":"instock","11":"shipping-taxable","12":"purchasable","13":"product-type-simple"},"_links":{"self":[{"href":"https:\/\/ageart.ro\/staging\/wp-json\/wp\/v2\/product\/3349","targetHints":{"allow":["GET"]}}],"collection":[{"href":"https:\/\/ageart.ro\/staging\/wp-json\/wp\/v2\/product"}],"about":[{"href":"https:\/\/ageart.ro\/staging\/wp-json\/wp\/v2\/types\/product"}],"replies":[{"embeddable":true,"href":"https:\/\/ageart.ro\/staging\/wp-json\/wp\/v2\/comments?post=3349"}],"wp:featuredmedia":[{"embeddable":true,"href":"https:\/\/ageart.ro\/staging\/wp-json\/wp\/v2\/media\/3342"}],"wp:attachment":[{"href":"https:\/\/ageart.ro\/staging\/wp-json\/wp\/v2\/media?parent=3349"}],"wp:term":[{"taxonomy":"product_brand","embeddable":true,"href":"https:\/\/ageart.ro\/staging\/wp-json\/wp\/v2\/product_brand?post=3349"},{"taxonomy":"product_cat","embeddable":true,"href":"https:\/\/ageart.ro\/staging\/wp-json\/wp\/v2\/product_cat?post=3349"},{"taxonomy":"product_tag","embeddable":true,"href":"https:\/\/ageart.ro\/staging\/wp-json\/wp\/v2\/product_tag?post=3349"}],"curies":[{"name":"wp","href":"https:\/\/api.w.org\/{rel}","templated":true}]}}