{"id":3335,"date":"2018-02-20T00:59:20","date_gmt":"2018-02-19T22:59:20","guid":{"rendered":"https:\/\/ageart.ro\/staging\/?post_type=product&#038;p=3335"},"modified":"2022-05-04T09:15:12","modified_gmt":"2022-05-04T07:15:12","slug":"album-romania-o-poveste","status":"publish","type":"product","link":"https:\/\/ageart.ro\/staging\/produs\/album-romania-o-poveste\/","title":{"rendered":"Album Romania O Poveste (22&#215;24 cm)"},"content":{"rendered":"<p>S\u0103 putem fi liberi construind o poveste. Albumul are o poveste vie, transparent\u0103 chiar incomod\u0103 \u00een sinceritatea ei, l\u0103s\u00e2nd privitorul s\u0103 se bucure, ajut\u0103ndu-l \u00een \u00eendr\u0103zneala de a atinge aceste locuri.<\/p>\n<p>Inevitabil sufletul lui se va contopi cu b\u0103taia de inim\u0103 a Rom\u0103niei.<\/p>\n<p>&nbsp;<\/p>\n","protected":false},"excerpt":{"rendered":"<p>nr pagini: 168 pagini<\/p>\n<p>format finit: 22 x 24 cm<\/p>\n<p>coperta: softcover<\/p>\n<p>Limbi: romana\/engleza\/franceza\/german<wbr \/>a<\/p>\n","protected":false},"featured_media":3756,"comment_status":"open","ping_status":"closed","template":"","meta":[],"product_brand":[],"product_cat":[452],"product_tag":[],"class_list":{"0":"post-3335","1":"product","2":"type-product","3":"status-publish","4":"has-post-thumbnail","6":"product_cat-albume","7":"","9":"first","10":"instock","11":"shipping-taxable","12":"purchasable","13":"product-type-simple"},"_links":{"self":[{"href":"https:\/\/ageart.ro\/staging\/wp-json\/wp\/v2\/product\/3335","targetHints":{"allow":["GET"]}}],"collection":[{"href":"https:\/\/ageart.ro\/staging\/wp-json\/wp\/v2\/product"}],"about":[{"href":"https:\/\/ageart.ro\/staging\/wp-json\/wp\/v2\/types\/product"}],"replies":[{"embeddable":true,"href":"https:\/\/ageart.ro\/staging\/wp-json\/wp\/v2\/comments?post=3335"}],"wp:featuredmedia":[{"embeddable":true,"href":"https:\/\/ageart.ro\/staging\/wp-json\/wp\/v2\/media\/3756"}],"wp:attachment":[{"href":"https:\/\/ageart.ro\/staging\/wp-json\/wp\/v2\/media?parent=3335"}],"wp:term":[{"taxonomy":"product_brand","embeddable":true,"href":"https:\/\/ageart.ro\/staging\/wp-json\/wp\/v2\/product_brand?post=3335"},{"taxonomy":"product_cat","embeddable":true,"href":"https:\/\/ageart.ro\/staging\/wp-json\/wp\/v2\/product_cat?post=3335"},{"taxonomy":"product_tag","embeddable":true,"href":"https:\/\/ageart.ro\/staging\/wp-json\/wp\/v2\/product_tag?post=3335"}],"curies":[{"name":"wp","href":"https:\/\/api.w.org\/{rel}","templated":true}]}}