{"id":3334,"date":"2018-02-20T09:55:56","date_gmt":"2018-02-20T07:55:56","guid":{"rendered":"https:\/\/ageart.ro\/staging\/?post_type=product&#038;p=3334"},"modified":"2022-05-04T09:14:40","modified_gmt":"2022-05-04T07:14:40","slug":"album-romania","status":"publish","type":"product","link":"https:\/\/ageart.ro\/staging\/produs\/album-romania\/","title":{"rendered":"Album Romania (24&#215;22 cm)"},"content":{"rendered":"<p>Cu trup imens av\u00e2nd coloan\u0103 vertebral\u0103 Carpa\u0163ii \u015fi respir\u00e2nd la Marea Neagr\u0103, Rom\u00e2nia are o boga\u0163ie a peisajului cu totul particular\u0103. De la mun\u0163ii cu creste seme\u0163e ale F\u0103g\u0103ra\u015filor, coamele de stanc\u0103 ale Bucegilor sau cununa st\u00e2ncoas\u0103 a Ceahl\u0103ului, la p\u0103durile neatinse de secure, codrii s\u0103lbatici unde ur\u015fii, mistre\u0163ii, lupii, caprele negre \u015fi cerbii fac din Rom\u00e2nia o \u0163ar\u0103 unic\u0103 pe continent. C\u00e2mpia Mure\u015fului cu trena de smarald t\u0103iat\u0103 de f\u00e2\u015fia argintie a r\u00e2ului, Oltul ce \u015ferpuieste la poalele F\u0103g\u0103ra\u015filor, B\u0103r\u0103ganul echivalentul abunden\u0163ei f\u0103r\u0103 hotar, Dun\u0103rea care cu lucirile de o\u0163el \u00eembr\u0103\u0163i\u015feaj\u0103 \u00eentinderea Valahiei \u015fi care \u00eenainte de \u00eent\u00e2lnirea cu marea \u00ee\u015fi desface bra\u0163ele, gest \u00een urma c\u0103ruia se na\u015fte minunea numit\u0103 Delta Dun\u0103rii, toate reprezint\u0103 p\u0103m\u00e2ntul pe care s-a dep\u0103nat via\u0163a noastr\u0103 de veacuri, fiind tot at\u00e2t de autohtoni ca \u015fi st\u00e2ncile Carpa\u0163ilor ce se \u015ftiu dintotdeuna pe locul lor.<\/p>\n<p>&nbsp;<\/p>\n","protected":false},"excerpt":{"rendered":"<p>nr pagini: 132 pagini<\/p>\n<p>format finit: 22 x 24 cm<\/p>\n<p>coperta: softcover<\/p>\n<p>Limbi: romana\/engleza\/franceza<\/p>\n","protected":false},"featured_media":3308,"comment_status":"closed","ping_status":"closed","template":"","meta":[],"product_brand":[],"product_cat":[452],"product_tag":[],"class_list":{"0":"post-3334","1":"product","2":"type-product","3":"status-publish","4":"has-post-thumbnail","6":"product_cat-albume","7":"","9":"first","10":"instock","11":"shipping-taxable","12":"purchasable","13":"product-type-simple"},"_links":{"self":[{"href":"https:\/\/ageart.ro\/staging\/wp-json\/wp\/v2\/product\/3334","targetHints":{"allow":["GET"]}}],"collection":[{"href":"https:\/\/ageart.ro\/staging\/wp-json\/wp\/v2\/product"}],"about":[{"href":"https:\/\/ageart.ro\/staging\/wp-json\/wp\/v2\/types\/product"}],"replies":[{"embeddable":true,"href":"https:\/\/ageart.ro\/staging\/wp-json\/wp\/v2\/comments?post=3334"}],"wp:featuredmedia":[{"embeddable":true,"href":"https:\/\/ageart.ro\/staging\/wp-json\/wp\/v2\/media\/3308"}],"wp:attachment":[{"href":"https:\/\/ageart.ro\/staging\/wp-json\/wp\/v2\/media?parent=3334"}],"wp:term":[{"taxonomy":"product_brand","embeddable":true,"href":"https:\/\/ageart.ro\/staging\/wp-json\/wp\/v2\/product_brand?post=3334"},{"taxonomy":"product_cat","embeddable":true,"href":"https:\/\/ageart.ro\/staging\/wp-json\/wp\/v2\/product_cat?post=3334"},{"taxonomy":"product_tag","embeddable":true,"href":"https:\/\/ageart.ro\/staging\/wp-json\/wp\/v2\/product_tag?post=3334"}],"curies":[{"name":"wp","href":"https:\/\/api.w.org\/{rel}","templated":true}]}}